{"id":170,"date":"2018-06-15T08:52:27","date_gmt":"2018-06-15T06:52:27","guid":{"rendered":"http:\/\/therapieamdom.de\/?page_id=170"},"modified":"2022-08-04T19:47:55","modified_gmt":"2022-08-04T17:47:55","slug":"informationen","status":"publish","type":"page","link":"https:\/\/therapieamdom.de\/?page_id=170","title":{"rendered":"Informationen"},"content":{"rendered":"<p>[et_pb_section fb_built=&#8220;1&#8243; _builder_version=&#8220;3.9&#8243; custom_padding=&#8220;0|0px|43px|0px|false|false&#8220;][et_pb_row _builder_version=&#8220;3.0.48&#8243; background_size=&#8220;initial&#8220; background_position=&#8220;top_left&#8220; background_repeat=&#8220;repeat&#8220;][et_pb_column type=&#8220;4_4&#8243; _builder_version=&#8220;3.0.47&#8243; parallax=&#8220;off&#8220; parallax_method=&#8220;on&#8220;][et_pb_image src=&#8220;https:\/\/therapieamdom.de\/wp-content\/uploads\/2022\/08\/sprache-bewegung.jpg&#8220; show_bottom_space=&#8220;off&#8220; _builder_version=&#8220;3.9&#8243; custom_margin=&#8220;0px|||&#8220; custom_padding=&#8220;0px|||&#8220;][\/et_pb_image][\/et_pb_column][\/et_pb_row][\/et_pb_section][et_pb_section fb_built=&#8220;1&#8243; _builder_version=&#8220;3.6&#8243; custom_padding=&#8220;47px|3px|47px|0px|false|false&#8220;][et_pb_row _builder_version=&#8220;3.6&#8243; background_size=&#8220;contain&#8220; background_position=&#8220;top_center&#8220;][et_pb_column type=&#8220;1_2&#8243; _builder_version=&#8220;3.0.47&#8243; parallax=&#8220;off&#8220; parallax_method=&#8220;on&#8220;][et_pb_image src=&#8220;https:\/\/therapieamdom.de\/wp-content\/uploads\/2022\/08\/therapie1.jpg&#8220; _builder_version=&#8220;3.9&#8243; max_width=&#8220;70%&#8220;][\/et_pb_image][et_pb_image src=&#8220;https:\/\/therapieamdom.de\/wp-content\/uploads\/2022\/08\/therapie2.jpg&#8220; _builder_version=&#8220;3.9&#8243; max_width=&#8220;70%&#8220;][\/et_pb_image][\/et_pb_column][et_pb_column type=&#8220;1_2&#8243; _builder_version=&#8220;3.0.47&#8243; parallax=&#8220;off&#8220; parallax_method=&#8220;on&#8220;][et_pb_text _builder_version=&#8220;3.9&#8243;]<\/p>\n<h2>Unsere Leistungen im \u00dcberblick<\/h2>\n<h4>Woher erhalte ich eine Verordnung \/ Rezept?<\/h4>\n<p>Verordnungen stellen u.a. Kinder\u00e4rzte, HNO-\u00c4rzte, Phoniater, Kieferorthop\u00e4den, Neurologen und Haus\u00e4rzte aus.\u2028 Bitte beachten Sie, dass der Therapiebeginn sp\u00e4testens 28 Tage nach Ausstellungsdatum der Verordnung erfolgen muss. Deshalb ist es sinnvoll, die Verordnung erst nach der Terminabsprache mit uns beim behandelnden Arzt abzuholen.<\/p>\n<h4>Wie lange dauert eine Therapieeinheit und wie oft findet die Therapie statt?<\/h4>\n<p>Je nach St\u00f6rungsbild und Ermessen Ihres Arztes werden Therapieeinheiten von 30 &#8211; 60 Min. verordnet. Meist findet die Therapie 1-2 mal in der Woche statt.<\/p>\n<h4>Zuzahlungen<\/h4>\n<p>Ab dem vollendeten 18. Lebensjahr besteht eine Zuzahlungspflicht von 10% des Verordnungswertes und eine Rezeptgeb\u00fchr von 10 \u20ac pro Verordnung. \u2028Unter bestimmten Voraussetzungen ist eine Befreiung von der Zuzahlung m\u00f6glich. Bitte lassen Sie sich diesbez\u00fcglich von Ihrer Krankenkasse beraten.\u2028N\u00e4heres dazu finden Sie auch unter <a href=\"http:\/\/www.heilmittelrichtlinien.de\" target=\"_blank\" rel=\"noopener\">www.heilmittelrichtlinien.de<\/a>.<\/p>\n<h4>Was geschieht in der ersten Stunde?<\/h4>\n<p>Es findet ein Erstgespr\u00e4ch, ein so genanntes Anamnesegespr\u00e4ch, statt. Dabei haben Sie die M\u00f6glichkeit, genau zu schildern, weshalb Sie zu uns gekommen sind. Anschlie\u00dfend werden Untersuchungen durchgef\u00fchrt und ein individueller Therapieplan, in Absprache mit Ihnen und ihren Zielen, erstellt.<\/p>\n<h4>H\u00e4usliche \u00dcbungen<\/h4>\n<p>Der Therapieerfolg ist wesentlich von Ihrer Motivation und der Mitarbeit zu Hause abh\u00e4ngig. Unsere Kooperation ist ein wichtiger Bestandteil f\u00fcr eine erfolgreiche Therapie, um neu Erlerntes in den Alltag zu integrieren. Findet keine ausreichende Zusammenarbeit statt, kann der Therapieerfolg unzureichend sein, eine Therapiepause vereinbart werden oder ein Abbruch der Therapie stattfinden.<\/p>\n<h4>Terminvereinbarungen<\/h4>\n<p>Aus organisatorischen Gr\u00fcnden bitten wir Sie, Termine immer telefonisch mit uns zu vereinbaren. Auch bei Terminabsagen bitten wir Sie 24 Stunden vorher Bescheid zu geben, damit wir die M\u00f6glichkeit haben unseren Arbeitsplan neu zu organisieren. Sollten wir gerade in der Therapie sein und nicht pers\u00f6nlich ans Telefon gehen k\u00f6nnen, ist immer ein Anrufbeantworter geschaltet, auf dem Sie ihr Anliegen hinterlassen k\u00f6nnen. Wir rufen Sie umgehend zur\u00fcck.<\/p>\n<h4>Weiterf\u00fchrende Informationen<\/h4>\n<p>\u00bb <a href=\"https:\/\/www.dbl-ev.de\/\" target=\"_blank\" rel=\"noopener\">dbl \u2013 Deutscher Bundesverband f\u00fcr Logop\u00e4die e.V.<\/a><br \/> \u00bb <a href=\"https:\/\/www.bvss.de\/\" target=\"_blank\" rel=\"noopener\">Bundesvereinigung Stotterer-Selbsthilfe e.V.<\/a><br \/> \u00bb <a href=\"https:\/\/www.ivs-online.de\/\" target=\"_blank\" rel=\"noopener\">ivs \u2013 Interdisziplin\u00e4re Vereinigung der Stottertherapeuten e.V.<\/a><br \/> \u00bb <a href=\"https:\/\/www.cic-hannover.de\/startseite\/\" target=\"_blank\" rel=\"noopener\">CIC \u2013 Cochlear Implant Centrum \u201eWilhelm Hirte\u201c Hannover<\/a><br \/> \u00bb <a href=\"https:\/\/scholar.google.de\/scholar?q=LSVT%C2%AE+%E2%80%93+Lee+Silverman+Voice+Treatment&amp;hl=de&amp;as_sdt=0&amp;as_vis=1&amp;oi=scholart\" target=\"_blank\" rel=\"noopener\">LSVT\u00ae \u2013 Lee Silverman Voice Treatment<\/a><br \/> \u00bb <a href=\"https:\/\/www.schlaganfall-info.de\/\" target=\"_blank\" rel=\"noopener\">schlaganfall-info.de \u2013 Das Schlaganfall-Portal im Internet<\/a><\/p>\n<p>[\/et_pb_text][\/et_pb_column][\/et_pb_row][\/et_pb_section]<\/p>\n","protected":false},"excerpt":{"rendered":"<p>[et_pb_section fb_built=&#8220;1&#8243; _builder_version=&#8220;3.9&#8243; custom_padding=&#8220;0|0px|43px|0px|false|false&#8220;][et_pb_row _builder_version=&#8220;3.0.48&#8243; background_size=&#8220;initial&#8220; background_position=&#8220;top_left&#8220; background_repeat=&#8220;repeat&#8220;][et_pb_column type=&#8220;4_4&#8243; _builder_version=&#8220;3.0.47&#8243; parallax=&#8220;off&#8220; parallax_method=&#8220;on&#8220;][et_pb_image src=&#8220;https:\/\/therapieamdom.de\/wp-content\/uploads\/2022\/08\/sprache-bewegung.jpg&#8220; show_bottom_space=&#8220;off&#8220; _builder_version=&#8220;3.9&#8243; custom_margin=&#8220;0px|||&#8220; custom_padding=&#8220;0px|||&#8220;][\/et_pb_image][\/et_pb_column][\/et_pb_row][\/et_pb_section][et_pb_section fb_built=&#8220;1&#8243; _builder_version=&#8220;3.6&#8243; custom_padding=&#8220;47px|3px|47px|0px|false|false&#8220;][et_pb_row _builder_version=&#8220;3.6&#8243; background_size=&#8220;contain&#8220; background_position=&#8220;top_center&#8220;][et_pb_column type=&#8220;1_2&#8243; _builder_version=&#8220;3.0.47&#8243; parallax=&#8220;off&#8220; parallax_method=&#8220;on&#8220;][et_pb_image src=&#8220;https:\/\/therapieamdom.de\/wp-content\/uploads\/2022\/08\/therapie1.jpg&#8220; _builder_version=&#8220;3.9&#8243; max_width=&#8220;70%&#8220;][\/et_pb_image][et_pb_image src=&#8220;https:\/\/therapieamdom.de\/wp-content\/uploads\/2022\/08\/therapie2.jpg&#8220; _builder_version=&#8220;3.9&#8243; max_width=&#8220;70%&#8220;][\/et_pb_image][\/et_pb_column][et_pb_column type=&#8220;1_2&#8243; _builder_version=&#8220;3.0.47&#8243; parallax=&#8220;off&#8220; parallax_method=&#8220;on&#8220;][et_pb_text _builder_version=&#8220;3.9&#8243;] Unsere Leistungen im \u00dcberblick Woher erhalte ich eine Verordnung \/ Rezept? Verordnungen stellen u.a. Kinder\u00e4rzte, HNO-\u00c4rzte, Phoniater, [&hellip;]<\/p>\n","protected":false},"author":1,"featured_media":0,"parent":2,"menu_order":0,"comment_status":"closed","ping_status":"open","template":"","meta":[],"_links":{"self":[{"href":"https:\/\/therapieamdom.de\/index.php?rest_route=\/wp\/v2\/pages\/170"}],"collection":[{"href":"https:\/\/therapieamdom.de\/index.php?rest_route=\/wp\/v2\/pages"}],"about":[{"href":"https:\/\/therapieamdom.de\/index.php?rest_route=\/wp\/v2\/types\/page"}],"author":[{"embeddable":true,"href":"https:\/\/therapieamdom.de\/index.php?rest_route=\/wp\/v2\/users\/1"}],"replies":[{"embeddable":true,"href":"https:\/\/therapieamdom.de\/index.php?rest_route=%2Fwp%2Fv2%2Fcomments&post=170"}],"version-history":[{"count":31,"href":"https:\/\/therapieamdom.de\/index.php?rest_route=\/wp\/v2\/pages\/170\/revisions"}],"predecessor-version":[{"id":574,"href":"https:\/\/therapieamdom.de\/index.php?rest_route=\/wp\/v2\/pages\/170\/revisions\/574"}],"up":[{"embeddable":true,"href":"https:\/\/therapieamdom.de\/index.php?rest_route=\/wp\/v2\/pages\/2"}],"wp:attachment":[{"href":"https:\/\/therapieamdom.de\/index.php?rest_route=%2Fwp%2Fv2%2Fmedia&parent=170"}],"curies":[{"name":"wp","href":"https:\/\/api.w.org\/{rel}","templated":true}]}}