{"id":255,"date":"2018-06-15T13:43:21","date_gmt":"2018-06-15T11:43:21","guid":{"rendered":"http:\/\/therapieamdom.de\/?page_id=255"},"modified":"2024-02-09T16:34:59","modified_gmt":"2024-02-09T15:34:59","slug":"impressum","status":"publish","type":"page","link":"https:\/\/therapieamdom.de\/?page_id=255","title":{"rendered":"Impressum"},"content":{"rendered":"<p>[et_pb_section fb_built=&#8220;1&#8243; fullwidth=&#8220;on&#8220; _builder_version=&#8220;3.6&#8243;][\/et_pb_section][et_pb_section fb_built=&#8220;1&#8243; _builder_version=&#8220;3.0.47&#8243;][et_pb_row _builder_version=&#8220;3.0.48&#8243; background_size=&#8220;initial&#8220; background_position=&#8220;top_left&#8220; background_repeat=&#8220;repeat&#8220;][et_pb_column type=&#8220;4_4&#8243; _builder_version=&#8220;3.0.47&#8243; parallax=&#8220;off&#8220; parallax_method=&#8220;on&#8220;][et_pb_text _builder_version=&#8220;3.6&#8243;]<\/p>\n<h2>Impressum<\/h2>\n<div class=\"vc_row wpb_row vc_row-fluid mkd-section mkd-content-aligment-left\">\n<div class=\"clearfix mkd-full-section-inner\">\n<div class=\"wpb_column vc_column_container vc_col-sm-6\">\n<div class=\"vc_column-inner \">\n<div class=\"wpb_wrapper\">\n<div class=\"wpb_text_column wpb_content_element \">\n<div class=\"wpb_wrapper\">\n<div class=\"sidebar_content full_width\">\n<h4>Impressum<\/h4>\n<\/div>\n<\/div>\n<\/div>\n<div class=\"wpb_text_column wpb_content_element \">\n<div class=\"wpb_wrapper\">\n<p><a href=\"mailto: info@logopaedie-badgandersheim.de\"><\/a><\/p>\n<\/div>\n<\/div>\n<\/div>\n<\/div>\n<\/div>\n<\/div>\n<\/div>\n<p>[\/et_pb_text][et_pb_text _builder_version=&#8220;3.9&#8243;]<\/p>\n<div class=\"vc_row wpb_row vc_row-fluid mkd-section mkd-content-aligment-left\">\n<div class=\"clearfix mkd-full-section-inner\">\n<div class=\"wpb_column vc_column_container vc_col-sm-6\">\n<div class=\"vc_column-inner \">\n<div class=\"wpb_wrapper\">\n<p>Angaben gem\u00e4\u00df \u00a7 5 TMG<\/p>\n<p>Therapie am Dom \u2013 <br \/>Praxis f\u00fcr Logop\u00e4die und Ergotherapie\u2028<br \/>Katharina Stresemann\u2028<br \/>Stiftsfreiheit 8\u2028<br \/>37581 Bad Gandersheim<\/p>\n<p>Vertreten durch:\u2028<br \/>Katharina Stresemann<br \/>\u2028Staatl. anerkannte Logop\u00e4din\u2028<br \/>Lese- Rechtschreibtherapeutin nach BVL<\/p>\n<p>LSVT- LOUD Therapeutin\u2028<br \/>Mitglied bei LOGO-Deutschland<\/p>\n<p>Ergotherapie IK: 480304531<\/p>\n<p>Kontakt:\u2028<br \/>Telefon: 05382-790085\u2028<br \/>E-Mail: <a href=\"mailto:info@therapieamdom.de\">info@therapieamdom.de<\/a><\/p>\n<\/div>\n<div class=\"wpb_wrapper\"><strong>Rechtliche Regelungen<\/strong><br \/>Die Praxis ist ab dem 01.05.2022 vom Gesundheitsamt des Landkreises Northeim zugelassen.<br \/>Zulassung f\u00fcr alle Kassen und privat.<br \/>Erlaubnis zur F\u00fchrung der Berufsbezeichnung Logop\u00e4din wurde\u2028 verliehen durch\u00a0die Bundesrepublik Deutschland 2010.<br \/>Gesetz \u00fcber den Beruf des Logop\u00e4den (LogopG)<br \/>Gesetz \u00fcber die Werbung auf dem Gebiete des Heilwesens (Heilmittelwerbegesetz \u2013 HWG)<br \/>Heimittelrichtlinie<br \/>Rechtsform:\u00a0Freiberufler\u2028Steuer-Nr.: 21\/ 231\/30146<br \/>Institutionskennzeichen (IK)\u2028Bad Gandersheim: 400301721<br \/>Haftpflichtversicherung:\u00a0\u2028Continentale<\/p>\n<p>&nbsp;<\/p>\n<p><strong>Streitschlichtung<\/strong><br \/>Die Europ\u00e4ische Kommission stellt eine Plattform zur Online-Streitbeilegung (OS) bereit:\u00a0https:\/\/ec.europa.eu\/consumers\/odr.\u2028Unsere E-Mail-Adresse finden Sie oben im Impressum.<br \/>Wir sind nicht bereit oder verpflichtet, an Streitbeilegungsverfahren vor einer Verbraucherschlichtungsstelle teilzunehmen.<\/p>\n<p><strong>Haftung f\u00fcr Inhalte<\/strong><br \/>Als Diensteanbieter sind wir gem\u00e4\u00df \u00a7 7 Abs.1 TMG f\u00fcr eigene Inhalte auf diesen Seiten nach den allgemeinen Gesetzen verantwortlich. Nach \u00a7\u00a7 8 bis 10 TMG sind wir als Diensteanbieter jedoch nicht verpflichtet, \u00fcbermittelte oder gespeicherte fremde Informationen zu \u00fcberwachen oder nach Umst\u00e4nden zu forschen, die auf eine rechtswidrige T\u00e4tigkeit hinweisen.<br \/>Verpflichtungen zur Entfernung oder Sperrung der Nutzung von Informationen nach den allgemeinen Gesetzen bleiben hiervon unber\u00fchrt. Eine diesbez\u00fcgliche Haftung ist jedoch erst ab dem Zeitpunkt der Kenntnis einer konkreten Rechtsverletzung m\u00f6glich. Bei Bekanntwerden von entsprechenden Rechtsverletzungen werden wir diese Inhalte umgehend entfernen.<\/p>\n<p><strong>Haftung f\u00fcr Links<\/strong><br \/>Unser Angebot enth\u00e4lt Links zu externen Websites Dritter, auf deren Inhalte wir keinen Einfluss haben. Deshalb k\u00f6nnen wir f\u00fcr diese fremden Inhalte auch keine Gew\u00e4hr \u00fcbernehmen. F\u00fcr die Inhalte der verlinkten Seiten ist stets der jeweilige Anbieter oder Betreiber der Seiten verantwortlich. Die verlinkten Seiten wurden zum Zeitpunkt der Verlinkung auf m\u00f6gliche Rechtsverst\u00f6\u00dfe \u00fcberpr\u00fcft. Rechtswidrige Inhalte waren zum Zeitpunkt der Verlinkung nicht erkennbar.<br \/>Eine permanente inhaltliche Kontrolle der verlinkten Seiten ist jedoch ohne konkrete Anhaltspunkte einer Rechtsverletzung nicht zumutbar. Bei Bekanntwerden von Rechtsverletzungen werden wir derartige Links umgehend entfernen.<\/p>\n<p><strong>Urheberrecht<\/strong><br \/>Die durch die Seitenbetreiber erstellten Inhalte und Werke auf diesen Seiten unterliegen dem deutschen Urheberrecht. Die Vervielf\u00e4ltigung, Bearbeitung, Verbreitung und jede Art der Verwertung au\u00dferhalb der Grenzen des Urheberrechtes bed\u00fcrfen der schriftlichen Zustimmung des jeweiligen Autors bzw. Erstellers. Downloads und Kopien dieser Seite sind nur f\u00fcr den privaten, nicht kommerziellen Gebrauch gestattet.<br \/>Soweit die Inhalte auf dieser Seite nicht vom Betreiber erstellt wurden, werden die Urheberrechte Dritter beachtet. Insbesondere werden Inhalte Dritter als solche gekennzeichnet. Sollten Sie trotzdem auf eine Urheberrechtsverletzung aufmerksam werden, bitten wir um einen entsprechenden Hinweis. Bei Bekanntwerden von Rechtsverletzungen werden wir derartige Inhalte umgehend entfernen.<\/p>\n<p><strong>Fotos und Webdesign<\/strong><br \/>Webdesign: Jens Burger\u2028<br \/>Fotos: Jens Burger\u2028<br \/>Stockfotos: Lizensiert durch Jens Burger \/ Adobe Stock<\/p>\n<\/div>\n<\/div>\n<\/div>\n<\/div>\n<\/div>\n<p>[\/et_pb_text][\/et_pb_column][\/et_pb_row][\/et_pb_section]<\/p>\n","protected":false},"excerpt":{"rendered":"<p>[et_pb_section fb_built=&#8220;1&#8243; fullwidth=&#8220;on&#8220; _builder_version=&#8220;3.6&#8243;][\/et_pb_section][et_pb_section fb_built=&#8220;1&#8243; _builder_version=&#8220;3.0.47&#8243;][et_pb_row _builder_version=&#8220;3.0.48&#8243; background_size=&#8220;initial&#8220; background_position=&#8220;top_left&#8220; background_repeat=&#8220;repeat&#8220;][et_pb_column type=&#8220;4_4&#8243; _builder_version=&#8220;3.0.47&#8243; parallax=&#8220;off&#8220; parallax_method=&#8220;on&#8220;][et_pb_text _builder_version=&#8220;3.6&#8243;] Impressum Impressum [\/et_pb_text][et_pb_text _builder_version=&#8220;3.9&#8243;] Angaben gem\u00e4\u00df \u00a7 5 TMG Therapie am Dom \u2013 Praxis f\u00fcr Logop\u00e4die und Ergotherapie\u2028Katharina Stresemann\u2028Stiftsfreiheit 8\u202837581 Bad Gandersheim Vertreten durch:\u2028Katharina Stresemann\u2028Staatl. anerkannte Logop\u00e4din\u2028Lese- Rechtschreibtherapeutin nach BVL LSVT- LOUD Therapeutin\u2028Mitglied bei LOGO-Deutschland Ergotherapie IK: 480304531 Kontakt:\u2028Telefon: 05382-790085\u2028E-Mail: [&hellip;]<\/p>\n","protected":false},"author":1,"featured_media":0,"parent":2,"menu_order":0,"comment_status":"closed","ping_status":"open","template":"","meta":[],"_links":{"self":[{"href":"https:\/\/therapieamdom.de\/index.php?rest_route=\/wp\/v2\/pages\/255"}],"collection":[{"href":"https:\/\/therapieamdom.de\/index.php?rest_route=\/wp\/v2\/pages"}],"about":[{"href":"https:\/\/therapieamdom.de\/index.php?rest_route=\/wp\/v2\/types\/page"}],"author":[{"embeddable":true,"href":"https:\/\/therapieamdom.de\/index.php?rest_route=\/wp\/v2\/users\/1"}],"replies":[{"embeddable":true,"href":"https:\/\/therapieamdom.de\/index.php?rest_route=%2Fwp%2Fv2%2Fcomments&post=255"}],"version-history":[{"count":21,"href":"https:\/\/therapieamdom.de\/index.php?rest_route=\/wp\/v2\/pages\/255\/revisions"}],"predecessor-version":[{"id":610,"href":"https:\/\/therapieamdom.de\/index.php?rest_route=\/wp\/v2\/pages\/255\/revisions\/610"}],"up":[{"embeddable":true,"href":"https:\/\/therapieamdom.de\/index.php?rest_route=\/wp\/v2\/pages\/2"}],"wp:attachment":[{"href":"https:\/\/therapieamdom.de\/index.php?rest_route=%2Fwp%2Fv2%2Fmedia&parent=255"}],"curies":[{"name":"wp","href":"https:\/\/api.w.org\/{rel}","templated":true}]}}