{"id":37,"date":"2018-03-26T08:03:16","date_gmt":"2018-03-26T08:03:16","guid":{"rendered":"http:\/\/themes.muffingroup.com\/be\/tea2\/?page_id=2"},"modified":"2022-08-03T20:32:22","modified_gmt":"2022-08-03T18:32:22","slug":"home","status":"publish","type":"page","link":"https:\/\/therapieamdom.de\/","title":{"rendered":"Home"},"content":{"rendered":"<p>[et_pb_section fb_built=&#8220;1&#8243; _builder_version=&#8220;3.9&#8243; custom_padding=&#8220;0|0px|43px|0px|false|false&#8220;][et_pb_row _builder_version=&#8220;3.0.48&#8243; background_size=&#8220;initial&#8220; background_position=&#8220;top_left&#8220; background_repeat=&#8220;repeat&#8220;][et_pb_column type=&#8220;4_4&#8243; _builder_version=&#8220;3.0.47&#8243; parallax=&#8220;off&#8220; parallax_method=&#8220;on&#8220;][et_pb_image src=&#8220;https:\/\/therapieamdom.de\/wp-content\/uploads\/2022\/08\/sprache.jpg&#8220; show_bottom_space=&#8220;off&#8220; _builder_version=&#8220;3.9&#8243; custom_margin=&#8220;0px|||&#8220; custom_padding=&#8220;0px|||&#8220;][\/et_pb_image][\/et_pb_column][\/et_pb_row][\/et_pb_section][et_pb_section fb_built=&#8220;1&#8243; _builder_version=&#8220;3.0.47&#8243;][et_pb_row _builder_version=&#8220;3.0.48&#8243; background_size=&#8220;initial&#8220; background_position=&#8220;top_left&#8220; background_repeat=&#8220;repeat&#8220;][et_pb_column type=&#8220;1_2&#8243; _builder_version=&#8220;3.0.47&#8243; parallax=&#8220;off&#8220; parallax_method=&#8220;on&#8220;][et_pb_text _builder_version=&#8220;3.6&#8243;]<\/p>\n<h2><span style=\"color: #000000;\">Sprache braucht Bewegung<\/span><\/h2>\n<p><span style=\"color: #000000;\">Herzlich Willkommen bei Therapie am Dom \u2013 Praxis f\u00fcr Logop\u00e4die und Ergotherapie<\/span><\/p>\n<p><span style=\"color: #000000;\">Selbstst\u00e4ndiges Handeln und Kommunikation sind Grundvoraussetzungen f\u00fcr Gesundheit, Lebensqualit\u00e4t und Wohlergehen.<\/span><\/p>\n<p><span style=\"color: #000000;\">Unser Team widmet sich diesen Grundvoraussetzungen mit der Beratung, Diagnostik und Therapie von verschiedenen Krankheitsbildern. Unser Ziel ist es sprachliche, k\u00f6rperliche und psychische Strukturen zu normalisieren, wiederherzustellen oder aufrecht zu erhalten. <\/span><br \/><span style=\"color: #000000;\">Durch unsere interdisziplin\u00e4re Zusammenarbeit unter einem Dach ist es uns besonders gut m\u00f6glich Hand in Hand zu arbeiten, sich auszutauschen, einen gemeinsamen Fokus der Therapieziele zu setzen und Therapieprozesse aufeinander abzustimmen und somit f\u00fcr Sie die bestm\u00f6glichen Therapieerfolge zu erzielen. Die individuelle Beratung und Betreuung stehen bei uns im Vordergrund. <\/span><\/p>\n<p><span style=\"color: #000000;\">Auf \u00e4rztliche Verordnung hin, \u00fcbernehmen wir Hausbesuche bis 10km Entfernung und sind zu allen gesetzlichen und privaten Krankenkassen zugelassen.<\/span><\/p>\n<p><span style=\"color: #969696;\"><em>In den folgenden Texten wird ausschlie\u00dflich das m\u00e4nnliche Geschlecht verwendet. Das gew\u00e4hlte generische Maskulinum bezieht sich zugleich auf feminine, maskuline und andere Geschlechteridentit\u00e4ten.<\/em><\/span><\/p>\n<p>[\/et_pb_text][\/et_pb_column][et_pb_column type=&#8220;1_2&#8243; _builder_version=&#8220;3.0.47&#8243; parallax=&#8220;off&#8220; parallax_method=&#8220;on&#8220;][et_pb_image src=&#8220;https:\/\/therapieamdom.de\/wp-content\/uploads\/2022\/07\/Logo_Jens_Burger.jpg&#8220; align=&#8220;center&#8220; disabled_on=&#8220;off|off|off&#8220; _builder_version=&#8220;3.9&#8243; max_width=&#8220;76%&#8220; module_alignment=&#8220;right&#8220;][\/et_pb_image][\/et_pb_column][\/et_pb_row][\/et_pb_section]<\/p>\n","protected":false},"excerpt":{"rendered":"<p>[et_pb_section fb_built=&#8220;1&#8243; _builder_version=&#8220;3.9&#8243; custom_padding=&#8220;0|0px|43px|0px|false|false&#8220;][et_pb_row _builder_version=&#8220;3.0.48&#8243; background_size=&#8220;initial&#8220; background_position=&#8220;top_left&#8220; background_repeat=&#8220;repeat&#8220;][et_pb_column type=&#8220;4_4&#8243; _builder_version=&#8220;3.0.47&#8243; parallax=&#8220;off&#8220; parallax_method=&#8220;on&#8220;][et_pb_image src=&#8220;https:\/\/therapieamdom.de\/wp-content\/uploads\/2022\/08\/sprache.jpg&#8220; show_bottom_space=&#8220;off&#8220; _builder_version=&#8220;3.9&#8243; custom_margin=&#8220;0px|||&#8220; custom_padding=&#8220;0px|||&#8220;][\/et_pb_image][\/et_pb_column][\/et_pb_row][\/et_pb_section][et_pb_section fb_built=&#8220;1&#8243; _builder_version=&#8220;3.0.47&#8243;][et_pb_row _builder_version=&#8220;3.0.48&#8243; background_size=&#8220;initial&#8220; background_position=&#8220;top_left&#8220; background_repeat=&#8220;repeat&#8220;][et_pb_column type=&#8220;1_2&#8243; _builder_version=&#8220;3.0.47&#8243; parallax=&#8220;off&#8220; parallax_method=&#8220;on&#8220;][et_pb_text _builder_version=&#8220;3.6&#8243;] Sprache braucht Bewegung Herzlich Willkommen bei Therapie am Dom \u2013 Praxis f\u00fcr Logop\u00e4die und Ergotherapie Selbstst\u00e4ndiges Handeln und Kommunikation sind Grundvoraussetzungen f\u00fcr Gesundheit, Lebensqualit\u00e4t und Wohlergehen. Unser [&hellip;]<\/p>\n","protected":false},"author":1,"featured_media":0,"parent":2,"menu_order":0,"comment_status":"closed","ping_status":"open","template":"","meta":[],"_links":{"self":[{"href":"https:\/\/therapieamdom.de\/index.php?rest_route=\/wp\/v2\/pages\/37"}],"collection":[{"href":"https:\/\/therapieamdom.de\/index.php?rest_route=\/wp\/v2\/pages"}],"about":[{"href":"https:\/\/therapieamdom.de\/index.php?rest_route=\/wp\/v2\/types\/page"}],"author":[{"embeddable":true,"href":"https:\/\/therapieamdom.de\/index.php?rest_route=\/wp\/v2\/users\/1"}],"replies":[{"embeddable":true,"href":"https:\/\/therapieamdom.de\/index.php?rest_route=%2Fwp%2Fv2%2Fcomments&post=37"}],"version-history":[{"count":57,"href":"https:\/\/therapieamdom.de\/index.php?rest_route=\/wp\/v2\/pages\/37\/revisions"}],"predecessor-version":[{"id":539,"href":"https:\/\/therapieamdom.de\/index.php?rest_route=\/wp\/v2\/pages\/37\/revisions\/539"}],"up":[{"embeddable":true,"href":"https:\/\/therapieamdom.de\/index.php?rest_route=\/wp\/v2\/pages\/2"}],"wp:attachment":[{"href":"https:\/\/therapieamdom.de\/index.php?rest_route=%2Fwp%2Fv2%2Fmedia&parent=37"}],"curies":[{"name":"wp","href":"https:\/\/api.w.org\/{rel}","templated":true}]}}

<p>[et_pb_section fb_built=&#8220;1&#8243; _builder_version=&#8220;3.9&#8243; custom_padding=&#8220;0|0px|43px|0px|false|false&#8220;][et_pb_row _builder_version=&#8220;3.0.48&#8243; background_size=&#8220;initial&#8220; background_position=&#8220;top_left&#8220; background_repeat=&#8220;repeat&#8220;][et_pb_column type=&#8220;4_4&#8243; _builder_version=&#8220;3.0.47&#8243; parallax=&#8220;off&#8220; parallax_method=&#8220;on&#8220;][et_pb_image src=&#8220;https://therapieamdom.de/wp-content/uploads/2022/08/sprache.jpg&#8220; show_bottom_space=&#8220;off&#8220; _builder_version=&#8220;3.9&#8243; custom_margin=&#8220;0px|||&#8220; custom_padding=&#8220;0px|||&#8220;][/et_pb_image][/et_pb_column][/et_pb_row][/et_pb_section][et_pb_section fb_built=&#8220;1&#8243; _builder_version=&#8220;3.0.47&#8243;][et_pb_row _builder_version=&#8220;3.0.48&#8243; background_size=&#8220;initial&#8220; background_position=&#8220;top_left&#8220; background_repeat=&#8220;repeat&#8220;][et_pb_column type=&#8220;1_2&#8243; _builder_version=&#8220;3.0.47&#8243; parallax=&#8220;off&#8220; parallax_method=&#8220;on&#8220;][et_pb_text _builder_version=&#8220;3.6&#8243;]</p>
<h2><span style="color: #000000;">Sprache braucht Bewegung</span></h2>
<p><span style="color: #000000;">Herzlich Willkommen bei Therapie am Dom – Praxis für Logopädie und Ergotherapie</span></p>
<p><span style="color: #000000;">Selbstständiges Handeln und Kommunikation sind Grundvoraussetzungen für Gesundheit, Lebensqualität und Wohlergehen.</span></p>
<p><span style="color: #000000;">Unser Team widmet sich diesen Grundvoraussetzungen mit der Beratung, Diagnostik und Therapie von verschiedenen Krankheitsbildern. Unser Ziel ist es sprachliche, körperliche und psychische Strukturen zu normalisieren, wiederherzustellen oder aufrecht zu erhalten. </span><br /><span style="color: #000000;">Durch unsere interdisziplinäre Zusammenarbeit unter einem Dach ist es uns besonders gut möglich Hand in Hand zu arbeiten, sich auszutauschen, einen gemeinsamen Fokus der Therapieziele zu setzen und Therapieprozesse aufeinander abzustimmen und somit für Sie die bestmöglichen Therapieerfolge zu erzielen. Die individuelle Beratung und Betreuung stehen bei uns im Vordergrund. </span></p>
<p><span style="color: #000000;">Auf ärztliche Verordnung hin, übernehmen wir Hausbesuche bis 10km Entfernung und sind zu allen gesetzlichen und privaten Krankenkassen zugelassen.</span></p>
<p><span style="color: #969696;"><em>In den folgenden Texten wird ausschließlich das männliche Geschlecht verwendet. Das gewählte generische Maskulinum bezieht sich zugleich auf feminine, maskuline und andere Geschlechteridentitäten.</em></span></p>
<p>[/et_pb_text][/et_pb_column][et_pb_column type=&#8220;1_2&#8243; _builder_version=&#8220;3.0.47&#8243; parallax=&#8220;off&#8220; parallax_method=&#8220;on&#8220;][et_pb_image src=&#8220;https://therapieamdom.de/wp-content/uploads/2022/07/Logo_Jens_Burger.jpg&#8220; align=&#8220;center&#8220; disabled_on=&#8220;off|off|off&#8220; _builder_version=&#8220;3.9&#8243; max_width=&#8220;76%&#8220; module_alignment=&#8220;right&#8220;][/et_pb_image][/et_pb_column][/et_pb_row][/et_pb_section]</p>

<p>[et_pb_section fb_built=&#8220;1&#8243; _builder_version=&#8220;3.9&#8243; custom_padding=&#8220;0|0px|43px|0px|false|false&#8220;][et_pb_row _builder_version=&#8220;3.0.48&#8243; background_size=&#8220;initial&#8220; background_position=&#8220;top_left&#8220; background_repeat=&#8220;repeat&#8220;][et_pb_column type=&#8220;4_4&#8243; _builder_version=&#8220;3.0.47&#8243; parallax=&#8220;off&#8220; parallax_method=&#8220;on&#8220;][et_pb_image src=&#8220;https://therapieamdom.de/wp-content/uploads/2022/08/sprache.jpg&#8220; show_bottom_space=&#8220;off&#8220; _builder_version=&#8220;3.9&#8243; custom_margin=&#8220;0px|||&#8220; custom_padding=&#8220;0px|||&#8220;][/et_pb_image][/et_pb_column][/et_pb_row][/et_pb_section][et_pb_section fb_built=&#8220;1&#8243; _builder_version=&#8220;3.0.47&#8243;][et_pb_row _builder_version=&#8220;3.0.48&#8243; background_size=&#8220;initial&#8220; background_position=&#8220;top_left&#8220; background_repeat=&#8220;repeat&#8220;][et_pb_column type=&#8220;1_2&#8243; _builder_version=&#8220;3.0.47&#8243; parallax=&#8220;off&#8220; parallax_method=&#8220;on&#8220;][et_pb_text _builder_version=&#8220;3.6&#8243;] Sprache braucht Bewegung Herzlich Willkommen bei Therapie am Dom – Praxis für Logopädie und Ergotherapie Selbstständiges Handeln und Kommunikation sind Grundvoraussetzungen für Gesundheit, Lebensqualität und Wohlergehen. Unser [&hellip;]</p>
